remainder when 10265624 is divided by 19224.
8
What is the remainder when 2137948872 is divided by 9?
6
What is the remainder when 23797800 is divided by 487?
58
What is the remainder when 330689882 is divided by 1588?
1586
What is the remainder when 66170 is divided by 20440?
4850
What is the remainder when 301047 is divided by 23142?
201
What is the remainder when 3157979 is divided by 664?
659
Calculate the remainder when 4782086 is divided by 528.
518
What is the remainder when 64207071 is divided by 9172431?
54
Calculate the remainder when 23648765 is divided by 93844.
77
Calculate the remainder when 398987 is divided by 1240.
947
What is the remainder when 7948398 is divided by 851?
58
What is the remainder when 1386240 is divided by 693117?
6
Calculate the remainder when 984199 is divided by 108750.
5449
What is the remainder when 793583 is divided by 3192?
1967
Calculate the remainder when 2732216 is divided by 479.
0
Calculate the remainder when 61176 is divided by 4462.
3170
Calculate the remainder when 36019073 is divided by 215683.
12
What is the remainder when 15807621 is divided by 177?
105
Calculate the remainder when 71261 is divided by 7111.
151
What is the remainder when 467176 is divided by 86?
24
What is the remainder when 205222 is divided by 68395?
37
What is the remainder when 5545505 is divided by 213288?
17
Calculate the remainder when 10004438 is divided by 489.
476
Calculate the remainder when 9175385 is divided by 9175365.
20
Calculate the remainder when 4127 is divided by 19.
4
What is the remainder when 157747 is divided by 212?
19
Calculate the remainder when 2156618 is divided by 1078281.
56
Calculate the remainder when 566299464 is divided by 817.
816
Calculate the remainder when 400608 is divided by 188.
168
Calculate the remainder when 1323843 is divided by 3368.
219
What is the remainder when 4436037 is divided by 164294?
99
What is the remainder when 19244 is divided by 606?
458
Calculate the remainder when 6808379 is divided by 159.
158
Calculate the remainder when 8454538 is divided by 563629.
103
What is the remainder when 459790 is divided by 51085?
25
What is the remainder when 20333713 is divided by 343?
330
What is the remainder when 453733 is divided by 151145?
298
What is the remainder when 580921 is divided by 580880?
41
What is the remainder when 401063565 is divided by 1217?
1215
Calculate the remainder when 6054363 is divided by 3803.
3790
What is the remainder when 411781 is divided by 4901?
97
What is the remainder when 2115971 is divided by 1057976?
19
Calculate the remainder when 234011 is divided by 11142.
29
Calculate the remainder when 7434071 is divided by 611.
34
What is the remainder when 74206045 is divided by 4?
1
Calculate the remainder when 1600787 is divided by 228.
227
What is the remainder when 28016 is divided by 390?
326
What is the remainder when 717379 is divided by 1429?
21
What is the remainder when 3705312 is divided by 36326?
60
Calculate the remainder when 62625 is divided by 3167.
2452
Calculate the remainder when 31155336 is divided by 1885.
56
Calculate the remainder when 37908384 is divided by 20.
4
Calculate the remainder when 23401230 is divided by 2444.
2374
What is the remainder when 4568011 is divided by 472?
467
Calculate the remainder when 3289023 is divided by 1096336.
15
What is the remainder when 123140940 is divided by 564?
0
Calculate the remainder when 894199 is divided by 14.
5
Calculate the remainder when 234933 is divided by 1674.
573
What is the remainder when 21467172 is divided by 3150?
3072
What is the remainder when 166874249 is divided by 54?
47
Calculate the remainder when 43908867 is divided by 43908842.
25
Calculate the remainder when 96462 is divided by 3107.
145
What is the remainder when 1968952 is divided by 185?
182
What is the remainder when 6741198 is divided by 842645?
38
Calculate the remainder when 1066440 is divided by 8.
0
What is the remainder when 655907 is divided by 689?
668
Calculate the remainder when 24330624 is divided by 73285.
4
Calculate the remainder when 542980 is divided by 17515.
15
Calculate the remainder when 13056 is divided by 3188.
304
Calculate the remainder when 604676 is divided by 201556.
8
What is the remainder when 701742 is divided by 262?
106
What is the remainder when 37068 is divided by 730?
568
Calculate the remainder when 325467 is divided by 38.
35
What is the remainder when 48796068 is divided by 257?
249
What is the remainder when 82933 is divided by 566?
297
What is the remainder when 287417 is divided by 94?
59
What is the remainder when 872936 is divided by 137?
109
What is the remainder when 3517012 is divided by 6661?
4
What is the remainder when 34953849 is divided by 4516?
9
Calculate the remainder when 3471252 is divided by 3471227.
25
Calculate the remainder when 50488458 is divided by 67.
5
What is the remainder when 305892 is divided by 503?
68
What is the remainder when 3488855 is divided by 5351?
3
What is the remainder when 16726880 is divided by 18?
2
What is the remainder when 943325 is divided by 8348?
1
What is the remainder when 242481559 is divided by 12135?
12124
Calculate the remainder when 589662 is divided by 15117.
99
Calculate the remainder when 158632 is divided by 22627.
243
What is the remainder when 972814 is divided by 3492?
2038
What is the remainder when 61460 is divided by 1880?
1300
Calculate the remainder when 273182 is divided by 132467.
8248
Calculate the remainder when 54806914 is divided by 1336754.
0
Calculate the remainder when 83126001 is divided by 327.
312
Calculate the remainder when 13825351 is divided by 2304221.
25
What is the remainder when 733152 is divided by 12016?
176
Calculate the remainder when 404545 is divided by 404111.
434
Calculate the remainder when 66728051 is divided by 13.
0
What is the remainder when 132343986 is divided by 10?
6
Calculate the remainder when 729071 is divided by 8380.
11
What is the remainder when 262107 is divided by 2449?
64
What is the remainder when 253661 is divided by 1010?
151
Calculate the remainder when 801055 is divided by 361.
357
What is the remainder when 51806371 is divided by 311?
302
Calculate the remainder when 329144 is divided by 108896.
2456
What is the remainder when 278654 is divided by 92852?
98
What is the remainder when 5463611 is divided by 876?
875
What is the remainder when 1439089 is divided by 21478?
63
What is the remainder when 129196 is divided by 1359?
91
What is the remainder when 440314 is divided by 12963?
12535
Calculate the remainder when 8182724 is divided by 89920.
4
What is the remainder when 22455 is divided by 10165?
2125
Calculate the remainder when 873478 is divided by 31.
22
Calculate the remainder when 655382 is divided by 6256.
4758
Calculate the remainder when 3575046 is divided by 3136.
6
What is the remainder when 38644332 is divided by 7092?
24
What is the remainder when 158381 is divided by 39594?
5
What is the remainder when 223536507 is divided by 13?
12
What is the remainder when 790439 is divided by 728?
559
Calculate the remainder when 56957 is divided by 8823.
4019
Calculate the remainder when 2713564 is divided by 352.
348
What is the remainder when 1723336 is divided by 1114?
1092
Calculate the remainder when 158470093 is divided by 1981.
1979
What is the remainder when 2172007 is divided by 580?
487
What is the remainder when 3604970 is divided by 151?
147
Calculate the remainder when 1231380 is divided by 615524.
332
Calculate the remainder when 295675 is divided by 295655.
20
What is the remainder when 323270 is divided by 903?
899
Calculate the remainder when 132592 is divided by 18938.
26
Calculate the remainder when 149179 is divided by 49176.
1651
What is the remainder when 1348981 is divided by 1775?
1756
Calculate the remainder when 106210 is divided by 53093.
24
What is the remainder when 88662889 is divided by 48?
25
What is the remainder when 558159 is divided by 494?
433
What is the remainder when 2849313 is divided by 2414?
793
What is the remainder when 24069646 is divided by 50?
46
What is the remainder when 237621 is divided by 368?
261
Calculate the remainder when 4831548 is divided by 1488.
12
What is the remainder when 125257 i